ainder when 481333 is divided by 17.
12
What is the remainder when 957 is divided by 446?
65
What is the remainder when 63582 is divided by 58?
14
Calculate the remainder when 19747 is divided by 162.
145
What is the remainder when 6172 is divided by 6163?
9
What is the remainder when 3527 is divided by 3406?
121
What is the remainder when 15056 is divided by 142?
4
Calculate the remainder when 9975 is divided by 311.
23
Calculate the remainder when 9460 is divided by 31.
5
Calculate the remainder when 67033 is divided by 66996.
37
What is the remainder when 2463 is divided by 2326?
137
What is the remainder when 93781 is divided by 288?
181
What is the remainder when 2945 is divided by 650?
345
What is the remainder when 30259 is divided by 2748?
31
Calculate the remainder when 273018 is divided by 36.
30
What is the remainder when 15739 is divided by 28?
3
Calculate the remainder when 120764 is divided by 5.
4
What is the remainder when 473055 is divided by 13?
11
What is the remainder when 1746 is divided by 431?
22
What is the remainder when 1033663 is divided by 16?
15
Calculate the remainder when 5880 is divided by 141.
99
Calculate the remainder when 43979 is divided by 1332.
23
Calculate the remainder when 3123 is divided by 2337.
786
Calculate the remainder when 8276 is divided by 195.
86
Calculate the remainder when 51435 is divided by 2448.
27
Calculate the remainder when 905 is divided by 58.
35
Calculate the remainder when 1675 is divided by 597.
481
Calculate the remainder when 17681 is divided by 209.
125
What is the remainder when 237673 is divided by 19?
2
Calculate the remainder when 335599 is divided by 113.
102
Calculate the remainder when 7435 is divided by 531.
1
Calculate the remainder when 8801 is divided by 2933.
2
Calculate the remainder when 6582671 is divided by 408.
407
What is the remainder when 2767 is divided by 44?
39
Calculate the remainder when 32193 is divided by 46.
39
Calculate the remainder when 48797 is divided by 1525.
1522
What is the remainder when 14540 is divided by 4668?
536
What is the remainder when 157530 is divided by 726?
714
Calculate the remainder when 2632 is divided by 627.
124
What is the remainder when 20805 is divided by 158?
107
Calculate the remainder when 3431 is divided by 268.
215
What is the remainder when 118216 is divided by 62?
44
What is the remainder when 495081 is divided by 62?
11
Calculate the remainder when 26555 is divided by 12.
11
What is the remainder when 683 is divided by 158?
51
Calculate the remainder when 4420 is divided by 36.
28
What is the remainder when 4113 is divided by 459?
441
What is the remainder when 50891 is divided by 863?
837
Calculate the remainder when 3144 is divided by 537.
459
Calculate the remainder when 22890 is divided by 191.
161
What is the remainder when 45447 is divided by 9059?
152
Calculate the remainder when 15137 is divided by 13.
5
Calculate the remainder when 5719 is divided by 2853.
13
What is the remainder when 20408 is divided by 81?
77
Calculate the remainder when 210330 is divided by 5684.
22
What is the remainder when 30603 is divided by 1799?
20
Calculate the remainder when 39647 is divided by 5663.
6
Calculate the remainder when 164519 is divided by 214.
167
Calculate the remainder when 1466 is divided by 537.
392
Calculate the remainder when 12307 is divided by 6029.
249
Calculate the remainder when 34605 is divided by 143.
142
Calculate the remainder when 3127 is divided by 126.
103
What is the remainder when 2095838 is divided by 278?
274
Calculate the remainder when 12855 is divided by 6378.
99
Calculate the remainder when 971 is divided by 36.
35
What is the remainder when 11353 is divided by 3784?
1
What is the remainder when 65114 is divided by 7?
0
What is the remainder when 82651 is divided by 1115?
141
What is the remainder when 44396 is divided by 158?
156
Calculate the remainder when 42669 is divided by 34.
33
What is the remainder when 10075 is divided by 18?
13
Calculate the remainder when 268783 is divided by 428.
427
What is the remainder when 9048 is divided by 203?
116
Calculate the remainder when 182108 is divided by 299.
17
Calculate the remainder when 10360 is divided by 1459.
147
What is the remainder when 11327 is divided by 105?
92
What is the remainder when 1283 is divided by 129?
122
Calculate the remainder when 182347 is divided by 715.
22
What is the remainder when 4051 is divided by 2020?
11
What is the remainder when 12080 is divided by 483?
5
What is the remainder when 43268 is divided by 21571?
126
What is the remainder when 36608 is divided by 156?
104
What is the remainder when 845 is divided by 127?
83
Calculate the remainder when 9401 is divided by 3117.
50
Calculate the remainder when 32560 is divided by 592.
0
What is the remainder when 35674 is divided by 20?
14
What is the remainder when 330259 is divided by 12702?
7
Calculate the remainder when 265076 is divided by 88343.
47
Calculate the remainder when 74711 is divided by 283.
282
Calculate the remainder when 6274 is divided by 629.
613
What is the remainder when 41829 is divided by 168?
165
Calculate the remainder when 2306 is divided by 167.
135
Calculate the remainder when 1780 is divided by 18.
16
Calculate the remainder when 5982 is divided by 176.
174
Calculate the remainder when 163589 is divided by 572.
569
Calculate the remainder when 276266 is divided by 647.
644
Calculate the remainder when 9179 is divided by 9143.
36
Calculate the remainder when 53895 is divided by 24.
15
Calculate the remainder when 2043 is divided by 2038.
5
Calculate the remainder when 39539 is divided by 3585.
104
Calculate the remainder when 5059 is divided by 4885.
174
Calculate the remainder when 21455 is divided by 1949.
16
What is the remainder when 35961 is divided by 5986?
45
Calculate the remainder when 57829 is divided by 40.
29
What is the remainder when 233800 is divided by 15586?
10
What is the remainder when 25203 is divided by 5020?
103
What is the remainder when 1083024 is divided by 361008?
0
What is the remainder when 13858 is divided by 13635?
223
What is the remainder when 90785 is divided by 15125?
35
What is the remainder when 641 is divided by 95?
71
Calculate the remainder when 3377 is divided by 416.
49
What is the remainder when 16470 is divided by 401?
29
Calculate the remainder when 7623 is divided by 42.
21
Calculate the remainder when 1291582 is divided by 56.
54
What is the remainder when 47464 is divided by 9492?
4
Calculate the remainder when 15418 is divided by 3082.
8
What is the remainder when 22042 is divided by 133?
97
What is the remainder when 319613 is divided by 88?
85
What is the remainder when 1785826 is divided by 17?
10
Calculate the remainder when 1622618 is divided by 77.
74
What is the remainder when 2409 is divided by 2332?
77
Calculate the remainder when 3913 is divided by 244.
9
What is the remainder when 70178 is divided by 104?
82
What is the remainder when 31507 is divided by 2412?
151
Calculate the remainder when 33404 is divided by 61.
37
Calculate the remainder when 5317 is divided by 2617.
83
Calculate the remainder when 425034 is divided by 924.
918
What is the remainder when 32298 is divided by 6458?
8
Calculate the remainder when 7149 is divided by 3545.
59
Calculate the remainder when 3640 is divided by 21.
7
Calculate the remainder when 489 is divided by 26.
21
Calculate the remainder when 3539329 is divided by 86.
85
Calculate the remainder when 1775 is divided by 295.
5
Calculate the remainder when 75960 is divided by 21.
3
Calculate the remainder when 52803 is divided by 503.
491
What is the remainder when 2428 is divided by 1170?
88
Calculate the remainder when 28943 is divided by 742.
5
What is the remainder when 14879 is divided by 5?
4
Calculate the remainder when 100942 is divided by 4580.
182
Calculate the remainder when 95372 is divided by 26.
4
Calculate the remainder when 2467 is divided by 25.
17
Calculate the remainder when 21930 is divided by 1686.
12
What is the remainder when 21861 is divided by 10918?
25
What is the remainder when 2751 is divided by 71?
53
Calculate the remainder when 223 is divided by 25.
23
What is the remainder when 42497 is divided by 119?
14
Wh